ase 10) in base 5?
2213
What is -1d4 (base 14) in base 13?
-235
What is 122113 (base 5) in base 11?
3555
What is -200 (base 10) in base 8?
-310
Convert -16855 (base 9) to base 8.
-26561
Convert -133104 (base 7) to base 14.
-9204
What is 1000330 (base 4) in base 9?
5627
Convert 1000 (base 9) to base 11.
603
248 (base 11) to base 3
101220
What is 4142242 (base 5) in base 12?
3373b
What is 2087 (base 9) in base 8?
3001
Convert 33612 (base 8) to base 11.
a756
15 (base 15) to base 11
19
What is 351 (base 8) in base 2?
11101001
-11411 (base 7) to base 11
-2240
341520 (base 6) to base 5
1411140
38db (base 16) to base 6
151215
Convert 31231023 (base 4) to base 14.
1665d
What is 52c4 (base 14) in base 6?
150044
What is 1785 (base 9) in base 4?
111131
What is -7fc0 (base 16) in base 13?
-11b69
10000110101 (base 2) to base 12
759
Convert 1110011110 (base 2) to base 11.
772
What is 65250 (base 8) in base 5?
1333204
What is -230003 (base 4) in base 7?
-11135
What is 11042 (base 9) in base 12?
42a8
What is 2829 (base 10) in base 7?
11151
14456 (base 7) to base 10
4010
What is 28b (base 13) in base 4?
13011
What is 21321 (base 4) in base 3?
212110
What is 8640 (base 13) in base 2?
100100011010010
3c7 (base 15) to base 4
31132
Convert 897 (base 11) to base 6.
4550
Convert -731 (base 16) to base 5.
-24331
Convert -253 (base 8) to base 14.
-c3
-4041 (base 7) to base 8
-2571
What is -9bb (base 16) in base 6?
-15311
Convert -967 (base 10) to base 7.
-2551
What is -8415 (base 9) in base 15?
-1c65
1c8 (base 13) to base 11
283
-3015 (base 10) to base 2
-101111000111
Convert -3438 (base 13) to base 6.
-53510
Convert 203200 (base 4) to base 7.
6424
333201 (base 4) to base 15
1310
Convert -11b03 (base 14) to base 7.
-240203
Convert 32342 (base 7) to base 14.
2d22
Convert -1413113 (base 5) to base 13.
-1036c
What is -23303 (base 4) in base 3?
-1000222
What is -1647 (base 10) in base 3?
-2021000
422 (base 12) to base 6
2442
Convert -553 (base 12) to base 9.
-1060
What is 30120 (base 8) in base 5?
343433
1022031 (base 5) to base 16
42f5
Convert -1460 (base 7) to base 6.
-2405
What is -4408 (base 10) in base 5?
-120113
What is -3 (base 7) in base 2?
-11
Convert 2000 (base 9) to base 2.
10110110010
Convert -164 (base 14) to base 2.
-100011100
Convert -176 (base 12) to base 16.
-ea
3c55 (base 15) to base 16
3269
1261 (base 10) to base 11
a47
Convert -13426 (base 8) to base 7.
-23142
-51507 (base 10) to base 14
-14ab1
Convert 45 (base 14) to base 15.
41
-396 (base 11) to base 10
-468
Convert 35551 (base 8) to base 7.
62225
Convert 101010010 (base 2) to base 15.
178
What is -2255 (base 6) in base 9?
-658
What is a369 (base 16) in base 7?
232651
What is -21212200 (base 3) in base 2?
-1011001101110
What is 12666 (base 7) in base 14?
136d
-1037 (base 10) to base 5
-13122
230212 (base 4) to base 12
179a
1564 (base 14) to base 13
1973
Convert -203434 (base 6) to base 5.
-1010431
What is -491 (base 11) in base 6?
-2412
Convert -847 (base 10) to base 16.
-34f
What is -6247 (base 10) in base 11?
-476a
What is -20330 (base 4) in base 11?
-480
-7bb (base 16) to base 5
-30404
What is -3145 (base 6) in base 15?
-328
Convert 226 (base 7) to base 12.
9a
Convert 11000101001001 (base 2) to base 15.
3b12
5740 (base 8) to base 12
1914
-4190 (base 13) to base 16
-2372
What is 1000100112 (base 3) in base 7?
112064
Convert -133 (base 8) to base 15.
-61
-4aaa (base 15) to base 11
-10a54
What is -1214 (base 6) in base 7?
-604
What is a78 (base 12) in base 9?
2082
What is -10001101111111 (base 2) in base 4?
-2031333
Convert 937 (base 16) to base 9.
3211
What is 110011011001000 (base 2) in base 7?
136466
-530 (base 10) to base 3
-201122
3865 (base 13) to base 9
12007
14152 (base 6) to base 15
9d8
Convert -507 (base 13) to base 12.
-5b0
Convert -331024 (base 6) to base 8.
-65470
What is 334233 (base 7) in base 8?
163356
What is 1264 (base 8) in base 16?
2b4
What is 1b5 (base 12) in base 14?
161
Convert -5002 (base 12) to base 4.
-2013002
210053 (base 6) to base 12
9929
What is 5e8 (base 16) in base 9?
2060
What is -42671 (base 8) in base 13?
-8180
Convert -1a96 (base 16) to base 11.
-5128
24320 (base 5) to base 11
1419
Convert -212413 (base 6) to base 16.
-4419
What is -12111010 (base 3) in base 10?
-3999
What is -a421 (base 12) in base 7?
-103063
10020200211 (base 3) to base 14
19427
What is 330204 (base 6) in base 4?
12222130
What is -1010101011010110 (base 2) in base 12?
-21386
-22100202 (base 3) to base 9
-8322
Convert 14364 (base 12) to base 16.
6dfc
What is 353 (base 14) in base 4?
22111
-1111000001 (base 2) to base 16
-3c1
-6c22 (base 13) to base 14
-57a6
What is -2250 (base 12) in base 16?
-edc
Convert -1102011 (base 3) to base 10.
-1030
Convert 339 (base 12) to base 3.
122200
Convert 660 (base 10) to base 9.
813
-155045 (base 7) to base 15
-90c5
What is 207 (base 16) in base 15?
249
Convert -31000 (base 4) to base 11.
-697
What is -1699 (base 10) in base 12?
-b97
-64c (base 15) to base 13
-855
Convert -1627a (base 12) to base 6.
-401434
59 (base 10) to base 2
111011
24a7 (base 13) to base 10
5207
What is -10111101101011 (base 2) in base 11?
-9136
What is 3322301 (base 4) in base 12?
9355
26b (base 15) to base 6
2315
What is -15151 (base 6) in base 9?
-3314
Convert -331033 (base 4) to base 5.
-111134
-918 (base 11) to base 7
-3142
What is 183 (base 12) in base 14?
135
Convert -1201 (base 3) to base 14.
-34
What is 22151 (base 11) in base 2?
111110101111001
Convert -4037 (base 15) to base 12.
-7a14
What is -32332 (base 5) in base 13?
-1017
-228 (base 15) to base 3
-200002
What is -8f6 (base 16) in base 14?
-b9c
Convert 23301200 (base 4) to base 6.
1011132
581 (base 11) to base 15
314
What is -5c1 (base 14) in base 8?
-2175
-17348 (base 12) to base 11
-23041
a765 (base 15) to base 8
105134
What is -8c (base 16) in base 4?
-2030
What is 636 (base 7) in base 6?
1253
Convert 1212422 (base 5) to base 12.
11292
What is -11100010 (base 2) in base 7?
-442
-1028 (base 9) to base 7
-2126
4d8c (base 14) to base 15
409d
Convert 1660 (base 9) to base 2.
10011110101
What is 132 (base 6) in base 11?
51
What is 1197 (base 16) in base 8?
10627
What is 58dc (base 16) in base 10?
22748
What is 2152 (base 7) in base 15?
367
What is 10101011 (base 2) in base 14?
c3
5160 (base 14) to base 15
4235
What is -1540 (base 6) in base 15?
-1d0
11001100 (base 2) to base 6
540
What is -142204 (base 6) in base 14?
-4ca0
-700 (base 8) to base 5
-3243
f8d (base 16) to base 8
7615
What is -472 (base 9) in base 5?
-3024
What is 23833 (base 9) in base 11?
11014
-403102 (base 6) to base 3
-1121121102
16b41 (base 13) to base 2
1010101010000111
What is -2448 (base 10) in base 5?
-34243
-32b (base 12) to base 6
-2055
Convert 1050 (base 6) to base 16.
f6
413 (base 10) to base 8
635
Convert 2554 (base 6) to base 11.
538
Convert 1c3a (base 16) to base 4.
1300322
-1668 (base 11) to base 10
-2131
What is -10214004 (base 5) in base 8?
-247000
What is -3b20 (base 13) in base 4?
-2010130
3ba9 (base 12) to base 14
2729
8090 (base 10) to base 13
38b4
-1274 (base 11) to base 14
-862
What is -29ca (base 13) in base 2?
-1011111000001
65461 (base 8) to base 4
12230301
What is -1020 (base 5) in base 6?
-343
Convert -729 (base 12) to base 9.
-1376
What is 101120 (base 5) in base 15?
e90
-4023 (base 8) to base 10
-2067
10113 (base 4) to base 16
117
What is -353400 (base 6) in base 16?
-7788
What is -278 (base 13) in base 2?
-110110101
-2203 (base 13) to base 14
-1a23
Convert -111111111 (base 2) to base 14.
-287
-11422 (base 5) to base 4
-31132
Convert -6a5 (base 14) to base 7.
-3565
What is 3671 (base 11) in base 4?
1022331
10755 (base 8) to base 12
27a5
What is -20211101 (base 3) in base 12?
-2a6a
21a (base 16) to base 15
25d
Convert 122121 (base 3) to base 8.
733
-10001011010 (base 2) to base 7
-3151
What is -141 (base 11) in base 15?
-b1
Convert 12020120 (base 3) to base 12.
2266
Convert 87d (base 15) to base 13.
b47
1010102 (base 3) to base 15
39b
Convert 8394 (base 11) to base 15.
345e
-d0 (base 16) to base 8
-320
-9d (base 14) to base 15
-94
What is -4599a (base 11) in base 4?
-100031301
301323 (base 4) to base 9
4340
-4847 (base 9) to base 4
-320113
What is -1a473 (base 13) in base 16?
-c865
Convert -4c7 (base 16) to base 8.
-2307
Convert 15